/(-126))?
3
Suppose 6*w - 6 = -6. Suppose w = 5*s + 2*o - 690, 2*s - 3*o + 151 = 3*s. Suppose -x + 9*x - s = 0. Calculate the remainder when 29 is divided by x.
12
Let t(b) = b - 60. Let d be t(0). Let s = 96 + d. Suppose 4*f - 97 = -67*c + 66*c, -5*f = 4*c - 146. Calculate the remainder when s is divided by f.
14
Let h = 9 - -31. Let d be -1 + -20*1/(-4). Let g(q) = 3*q**2 - 10*q + 6. What is the remainder when h is divided by g(d)?
12
Suppose -5*d = 4*l - 884, 5*l = 5*d - 189 - 686. Calculate the remainder when d is divided by 85.
6
Let j be -2 + 0 + -3 + -364 + 4. Let n = -223 - j. Calculate the remainder when n is divided by 24.
22
Let y(u) = -4*u + 2 + 5*u**2 - u**2 - u. Let t = 3 + -1. Calculate the remainder when 28 is divided by y(t).
4
Let j be 5*(-56 - (-1)/(2/6)). Let l be j/(-25) + 6/45*3. Suppose -13*r = -l*r - 26. Calculate the remainder when 49 is divided by r.
10
Let w(a) = -a**2 - 9*a + 3. Let q = -16 + 11. Let x = 1079 - 1014. What is the remainder when x is divided by w(q)?
19
Suppose 0 = -917*h + 926*h - 1143. What is the remainder when 758 is divided by h?
123
Let n(f) = -f**3 + 12*f**2 + 15*f + 6. Let t be n(9). Suppose u - 13*u + t = 0. What is the remainder when u is divided by 3*1 + (-15)/20*-12?
8
Let r be -4 + (68/18 - 40/(-180)). Calculate the remainder when 112 is divided by 19 - (4 - (7 + r - 5)).
10
Let j(u) = -2*u + 416. Calculate the remainder when j(-20) is divided by 41.
5
Calculate the remainder when (-519 + 1)*(-4*2 + (-1242)/(-161)) is divided by 17.
12
Suppose -17720 = -62*s + 7390. Calculate the remainder when 551 is divided by s.
146
Suppose -13 = x - 4*c, 1754*c = -3*x + 1753*c + 26. Calculate the remainder when 2/(-8) - 330/(-8) is divided by x.
6
Let p be 18 + 1 - (6 + (-14 - -2)). Suppose 5*k + p = 0, 11*t - 16*t + 200 = 2*k. What is the remainder when t is divided by 9?
6
Let z(b) = -3*b - 124. Let x(p) = p**2 + 12*p + 14. Calculate the remainder when x(-11) is divided by z(-42).
1
Suppose 2*b + 0*l - 4*l - 142 = 0, 2*l - 6 = 0. What is the remainder when b is divided by 3 + 1 + 20 - -4*1?
21
Suppose 5 - 2 = g. Suppose -5*v + 148 = z, 3*v + g*z - 98 = 7*z. What is the remainder when (-3)/(-2) + (4 - v/12) is divided by 3?
0
Suppose 0 = -47*o - 31*o + 7444 + 10340. What is the remainder when 817 is divided by o?
133
Let k be (177 - -1)*(-2)/4. Let f be (-3 - 201/(-15))*(-45)/6. Let y = f - k. Calculate the remainder when y is divided by 3.
2
Suppose -10 = -5*r, 4*z = 5*r - r. Suppose 5*w = -4*k - 10, -5*k - 2*w - 6 = -2. Suppose z*n - 10 = -k. Calculate the remainder when 9 is divided by n.
4
Suppose -10*b - 35 = -15*b - 5*p, 3*b + 4*p - 25 = 0. Suppose b*o - 54 = 3*c + 81, -4*o - 4*c + 156 = 0. Calculate the remainder when o is divided by 22.
20
Let o(i) = 2*i**2 + 158*i + 778. What is the remainder when 395 is divided by o(-74)?
15
Suppose -10*k = -11*k + 947. Let r = 379 + -360. Calculate the remainder when k is divided by r.
16
Suppose 3*q = q + c + 9, 0 = 5*q - c - 27. Suppose 5*b - 85 = -2*k, -14*k + 11*k = 2*b - 34. What is the remainder when b is divided by q?
5
Let h = 2270 + -2265. What is the remainder when 589 is divided by h?
4
Suppose 4*o + 48 = 3*b - 100, -3*o - 3 = 0. Let i = 68 + -55. Suppose -4*m + i = 5*x, 0 = m - 4*x - 3 - 16. What is the remainder when b is divided by m?
6
Let x(a) = 2*a**2 - 4*a + 2. What is the remainder when (-1005)/(-134)*(-350)/(-21) is divided by x(5)?
29
Let s be (-9)/((-108)/8) - 515/3. Let a = -77 - s. Calculate the remainder when a is divided by 32.
30
Suppose -10*w = -4*w - 6. Let g be (1 - 3) + w + 2 + 15. Let d(k) = -k**2 + 17*k - 8. What is the remainder when 53 is divided by d(g)?
5
Let w = -8811 + 15245. What is the remainder when w is divided by 29?
25
Suppose 0 = -39*u + 106*u - 48910. What is the remainder when u is divided by 50?
30
Suppose f - 12*f + 22 = 0. Suppose 20*p = f*p + 1098. Calculate the remainder when p is divided by 13.
9
Let t(i) = -i**3 + 7*i**2 - 10*i + 16. Let m be t(7). Let d = m + -9. Let g = -19 - d. Calculate the remainder when g is divided by 10.
4
Let r(i) = -i**3 + 87*i**2 - 166*i + 262. What is the remainder when r(85) is divided by 55?
52
Calculate the remainder when (-1795)/(-6) + ((-68)/4)/102 is divided by 124.
51
Let r(a) = -a**2 + 11*a - 40. Let z be (76/12 - 1)*(-3)/(-2). Let j be r(z). What is the remainder when (2/j*-34)/(2/40) is divided by 29?
27
Let i = 42 - 17. Calculate the remainder when i is divided by (-10 + 2)*-1*1.
1
Suppose 3*v + v = -2136. Let z = -265 - v. What is the remainder when z is divided by 17?
14
Let c = -5745 + 6656. What is the remainder when 1830 is divided by c?
8
Suppose -7*k = -4*g - 6*k + 60, -3*k = -12. What is the remainder when ((-8)/6)/(g/(-1128)) is divided by 6?
4
Suppose 0 = -47*n + 43*n. Let p(v) = v**2 + 2*v - 126. Let f be p(n). Calculate the remainder when 10 is divided by 29/9 - (-28)/f.
1
Suppose 3*r - 660 + 143 = -4*t, t - 132 = 2*r. Suppose -2*j + 4*f + 246 = 3*j, -5*f = j - 26. Let d = j - 13. What is the remainder when t is divided by d?
31
What is the remainder when 149 is divided by (-1 + -29)*((-275)/(-22) - 14)?
14
Let b(n) = 2*n**2 + 37*n - 11. Let o be (64 - 1)/7 + -28. Let s = 46 + 7. Calculate the remainder when s is divided by b(o).
5
Let i = -44 - -48. Let y(k) = -k**2 + 7*k + 25. What is the remainder when y(7) is divided by (6/i)/(-4 - 75/(-18))?
7
Suppose -87*a = -6037 - 1445. Calculate the remainder when 1203 is divided by a.
85
Suppose 0 = a + 8*q - 3*q + 3, -3*q + 27 = -a. Let c = -4 - a. Suppose -5*d = -69 + c. What is the remainder when d is divided by 4?
3
Calculate the remainder when 1204404/(-3005)*((-2)/(-5) - (-56)/(-15)) is divided by 44.
16
Suppose 13*z + 0*z = z + 3972. What is the remainder when z is divided by 54?
7
Calculate the remainder when 0 - (2 + 5) - -8 - -5 - -321 is divided by (-1588)/(-24) + (-2)/12.
63
Let t = 3235 + -3181. What is the remainder when 262 is divided by t?
46
Suppose -11*k = -33 + 44. Calculate the remainder when 6315/150 - k/(-20)*2 is divided by 22.
20
Let g(j) be the second derivative of j**4/12 - 6*j**2 + 97*j. What is the remainder when g(-6) is divided by 6?
0
Let z = -18 - -46. Calculate the remainder when 53 is divided by 9/(-27) - z/(-3).
8
Let c(p) = 13*p - 6. Let q be c(10). Let i = q - 90. What is the remainder when 167 is divided by i?
31
Suppose 0 = -7*n + 2*n - 3*u + 894, 550 = 3*n - 5*u. Suppose 1305 = -2*x + 26*x + 153. What is the remainder when n is divided by x?
36
Let b be (-1564)/1*(-16)/32. Let x be b/(-85) + (-1)/(-5). Calculate the remainder when 22 is divided by 9/(8/((-96)/x)).
10
Let v be (-8)/(-5) + 8/20. Suppose v = l - 12. Suppose -s - 2*o + 43 = 0, -11*s + 11*o = -7*s - 20. What is the remainder when s is divided by l?
13
What is the remainder when 415 is divided by 2/(-17) + (10080/34)/4 + 12?
71
Suppose -90 = -63*g + 61*g + 5*i, 3*i = g - 43. Suppose -2*h + 4*z = -42 - 34, 3*z + 15 = 0. Calculate the remainder when g is divided by h.
27
Suppose 0 = 15*p + 34 - 19. What is the remainder when 96 is divided by ((-35)/14)/((1/14)/p)?
26
Suppose 0 = 4*h - 680 + 408. What is the remainder when 456 is divided by h?
48
Suppose 28275 = -58*a + 145*a. What is the remainder when a is divided by 145?
35
Let i = -7747 + 9165. Calculate the remainder when i is divided by 15.
8
Suppose 3*k - 679 = 19*r - 23*r, 2*k + 2*r - 452 = 0. Suppose 220*l + 380 = k*l. What is the remainder when 453 is divided by l?
73
Suppose 3*j + 30*h - 119 = 26*h, -121 = -3*j - 5*h. What is the remainder when j is divided by 8?
5
Suppose 5 = 3*h - 10. Suppose 0 = 2*i - 4*m - 14, -4*m = 5*i - 3*i + 10. Let s(u) = 27*u - 8. What is the remainder when s(i) is divided by h?
4
What is the remainder when 4 + (0 - 1/(-4))/((-16)/(-67136)) is divided by 518?
17
Suppose -5*b - 297 = -3*g, 2*g - 252*b + 251*b - 198 = 0. What is the remainder when g is divided by 58?
41
Let t = -8067 - -11928. Calculate the remainder when t is divided by 168.
165
Suppose -5*x - 20 = 0, -6*v + 9*v - 3*x = 60. Suppose 85 = -4*n + 453. Calculate the remainder when n is divided by v.
12
Let m(t) = t**2 + t + 220. Let d be m(0). Let x = -146 + d. Calculate the remainder when x is divided by 15.
14
Suppose -16*b - 872 = -1080. Let m(k) = -9*k 